 when l is divided by 15?
6
Let w = 53 + 49. What is the remainder when 10290/w - (-2)/17 is divided by 17?
16
Suppose -11 = 27*z + 2*z - 30*z. What is the remainder when 9107 is divided by z?
10
Suppose 0 = -5*d - 5*b + 440, -10*d + 4*b + 243 = -7*d. Calculate the remainder when 4/2*(-9)/((-90)/d) is divided by (-1)/((-39)/18 + 2).
5
Let a = 868 - 865. Suppose 2*m + 0 = h + 25, -27 = -2*m + a*h. Calculate the remainder when 14 is divided by m.
2
Suppose 48*m + 510 = 58*m. Calculate the remainder when 110 is divided by m.
8
Let r(w) = 6*w**2 + 26*w + 74. Calculate the remainder when 682 is divided by r(-6).
12
Let g(y) = -y**3 - 3*y**2 - 11*y - 17. Suppose 38*r + 63 = 17*r. Calculate the remainder when 56 is divided by g(r).
8
Suppose -12*w - 14 = -2*f - 7*w, -3*f + 2*w = -21. Let g = -38 - -78. Suppose 4*v - g = 2*v. Calculate the remainder when v is divided by f.
6
Let u(p) = 11 + 6*p + 6*p**2 - 5*p + p**3 + 12*p + 4*p**2. Let j(n) = n**3 + 11*n**2 + 7*n - 11. Calculate the remainder when u(-8) is divided by j(-10).
16
Let z(m) = -2 - 6*m**3 - 3*m + 4*m**3 + 8*m**2 + m**3 + 2*m**3 - 4. Let f = 16 - 24. What is the remainder when z(f) is divided by 5?
3
Let a = -19 - -30. Suppose -6*f - 346 = -394. Let z(q) = 5*q**2 - 35*q - 18. What is the remainder when z(f) is divided by a?
0
Let x(f) = f**2 + 5*f - 43. Suppose -34*g = -25*g - 45. Calculate the remainder when (-16)/(-4)*(-26)/(-4) is divided by x(g).
5
Suppose 0 = 2*o + 2*h, -3*o = 2*o - 3*h - 32. Let z be (721/(-14))/(-1 - (-2)/o). Suppose -32 = -5*s + z. Calculate the remainder when s is divided by 15.
12
Let r be (-2 - -2 - 1015/7)*5. Let z = -642 - r. What is the remainder when z is divided by 42?
41
Suppose -3*s = -4*z - 113, 4*s + 10 - 124 = -2*z. Calculate the remainder when ((340/8)/(-17))/(20/(-1080)) is divided by s.
11
Let d(z) = -z**3 + z**2 + 5*z - 3. Suppose 14*p + 204 = 20*p. Suppose p + 71 = 7*w. Calculate the remainder when d(-4) is divided by w.
12
Suppose -u + 0*u + 144 = 0. Let i(j) = -11*j**3 - 6*j**2 + 7*j + 27. Calculate the remainder when u is divided by i(-2).
67
Suppose 0 = 115*s + 14*s - 21414. What is the remainder when 511 is divided by s?
13
Let o(u) = 3*u**3 + 46*u**2 + 18*u + 54. Calculate the remainder when 1492 is divided by o(-15).
7
Let v(t) = -t**3 + t**2 + 122*t - 20. Calculate the remainder when 647 is divided by v(11).
87
Suppose -282*j + 23348 = -230*j. What is the remainder when j is divided by 58?
43
Let f(w) = 12*w**2 - 692*w - 196. Calculate the remainder when 2409 is divided by f(58).
33
Suppose -5*d + 5 = 0, 3*d + 765 = -5*t - 2262. Let j = 878 + t. Suppose -j = 136*k - 140*k. What is the remainder when k is divided by 23?
22
Let l(n) = n**2 + 98*n + 790. Suppose 5*q = 2*x + 3*x - 255, 4*x - 5*q = 203. Calculate the remainder when l(-91) is divided by x.
49
Let o = -6011 - -5918. Suppose -954 = 4*j + 2*w, 2*j + 428 = -5*w - 53. Let z = o - j. What is the remainder when z is divided by 37?
34
Suppose -9*a + 28 = -17. Suppose 2*b + i - 85 = 0, -8 = 3*i - a. Calculate the remainder when b is divided by 12.
7
Let u(l) be the second derivative of -l**4/12 + 2*l**3 + 33*l**2/2 - l + 63. Calculate the remainder when 156 is divided by u(10).
50
Let a = -121 + 128. Let b(g) = a - 26 + 12 - 2*g. What is the remainder when b(-23) is divided by 14?
11
Suppose 50*m - 51*m + 330 = 0. Suppose -4*c = c - 3*u - m, 0 = c + 5*u - 38. What is the remainder when c is divided by 11?
8
Suppose 5*f - 100 = 6*i - 11*i, i = -2*f + 20. Suppose -27 + 124 = q. Calculate the remainder when q is divided by i.
17
Let n = -4454 + 4544. Let j(p) = 4*p - 4. Calculate the remainder when n is divided by j(6).
10
Let f = -919620 - -919703. Let y(c) = c**3 - 6*c**2 + 4*c - 3. What is the remainder when f is divided by y(6)?
20
Let a = 122 + -95. Let c(v) = 7*v + 30. What is the remainder when c(11) is divided by a?
26
Let r = -195 - 73. Let m = -145 - r. Let p = m - 69. What is the remainder when p is divided by 5?
4
Let v = 5102 - 5054. Let z(x) = 107*x**2 - 2*x - 3. Calculate the remainder when z(-2) is divided by v.
45
Suppose 4*h - 2*h - 120 = 0. Suppose 114*l - 80 = 1060. Calculate the remainder when h is divided by l.
0
Suppose -s - 18 = 3*g, 6 = -g - s - 0. Let n be (2/g)/(2/(-54)). Suppose 2*f = -2*w + 34, f + 2*w - 3 - n = 0. Calculate the remainder when f is divided by 6.
4
Suppose -9*s - 5168 = -28*s. What is the remainder when s is divided by 40?
32
Let d(t) = -t**2 - 2*t + 8. Let q(x) = -x**2 - 2*x + 7. Let f(r) = 6*d(r) - 7*q(r). Let a be f(0). Calculate the remainder when 1 is divided by a*(-3)/6*2.
0
Suppose -4*s + 445 = 3*n, -2*s = 4*n - 222 - 8. Calculate the remainder when 2396 is divided by s.
107
Suppose -59*v = -203*v + 3456. Calculate the remainder when 879 is divided by v.
15
Let p be 2/(-6)*-7 - 74/(-111). Suppose a - 100 = -3*a - 3*t, 10 = a - p*t. Let f = -66 + 195. What is the remainder when f is divided by a?
19
Let k(a) = -a**3 - a**2 + a - 4. Let v be k(0). Suppose -248 = l - 232. Calculate the remainder when ((-20)/l)/(v/(-176)) is divided by 14.
13
Suppose -16*h - 34680 + 37592 = 0. Calculate the remainder when 1051 is divided by h.
141
Let j = -16694 - -11238. What is the remainder when j/(-64) + ((-18)/8 - -2) is divided by 26?
7
Let o = -175 + -24. Let w = o - -302. What is the remainder when w is divided by 21?
19
Let q = 14 - 5. Let f = 90 + -77. Calculate the remainder when 326/q - ((-305)/45 - -7) is divided by f.
10
Suppose -3*j - 5*n - 51 = -j, 4*j + 57 = 5*n. Calculate the remainder when 185 is divided by 3*(-33)/j*2.
9
Suppose -b = -f - 248, -4*b + 4*f = -2*f - 1008. Calculate the remainder when 1185 is divided by b.
225
Let g(a) = 6*a + 33. Suppose 7*u + 93 = 10*u. Suppose 0 = -6*m + 29 + u. What is the remainder when g(m) is divided by 24?
21
Suppose 0*i - 5*c = -3*i + 1077, 4*i = 3*c + 1436. Let x = i + -335. Calculate the remainder when 46 is divided by x.
22
Suppose -5*p + 12*p = 35. Suppose -j + 274 = p*s - 56, -j = -4*s + 264. What is the remainder when 129 is divided by s?
63
Suppose -381 = -5*c + 4*b, -177 = -5*c + 2*b + 206. Suppose -c = -128*a + 117*a. Calculate the remainder when 67 is divided by a.
4
Let v(d) = -d**3 - 25*d**2 + 54*d + 5. Let b = 667 + -694. Calculate the remainder when 66 is divided by v(b).
1
What is the remainder when -3 - -732 - (7 + (4 - 4)) is divided by 54?
20
Suppose -2*q = 2*k - 80, 2*k + 5*q - 95 = -0*k. What is the remainder when k is divided by (20/(-25))/((-3)/10 + (-16)/(-80))?
3
Let k = -3515 + 3588. What is the remainder when 81 is divided by k?
8
Suppose -18*b + 336 = -12*b. What is the remainder when 145 is divided by b?
33
Let l(u) = -23 + 40*u**2 - 2*u + 32*u**2 - 71*u**2. What is the remainder when 73 is divided by l(-7)?
33
Suppose -5*t + 8*t = 24. Let r be (3 + -1 - 1)/(8/16). Suppose -5*a - 50 = -3*p, 0*p = r*p - 5*a - 35. Calculate the remainder when p is divided by t.
7
Suppose -21*c + 4*c = 7*c - 672. What is the remainder when 345 is divided by c?
9
Let i be (1135 + 37)/(4/(-2)). Let k = 741 + i. Calculate the remainder when k is divided by 32.
27
Let i be -4 + 7 + 6 - 2. What is the remainder when (-6 + 3)*(i + (-40 - 6)) is divided by 36?
9
What is the remainder when 843 is divided by ((-246)/4 - -2)/(-24 - 188/(-8))?
10
Suppose -24 = 4*j + 3*l - 301, 5*j = -3*l + 347. Suppose 12*b + 2*b = j. Calculate the remainder when 11 is divided by b.
1
Let w be (-21)/45*-5*3. What is the remainder when 121 is divided by 16/84*w + 71/3?
21
Let z be 2/((-6)/(-9)) + -519. Let w = z - -739. Calculate the remainder when w is divided by 76.
71
Let a(n) = -3*n - 16. Let m be a(-7). Suppose -m*k + 2 - 12 = 0. What is the remainder when -10*(2/k + -3) is divided by 7?
5
Let p = 8 + 22. Suppose -28 = -m + 4*m - 5*q, 4*m - q + 9 = 0. What is the remainder when p is divided by (-7*3 - 1)/(2/m)?
8
Let x = 97775 + -97489. What is the remainder when x is divided by 16 - (-3 - -1) - 0?
16
Let f(i) = 2*i**2 - 23*i + 110. What is the remainder when 5189 is divided by f(6)?
41
Let x(c) = 2*c**3 - 137*c**2 + 1020*c + 4. Suppose -3*g - 58 + 259 = 0. What is the remainder when g is divided by x(60)?
3
Let d(j) = -6*j - 40. Let v be d(-12). Suppose -36*f + 76 = -v*f. Calculate the remainder when 46 is divid